1. What is the tens digit of v?
4
Let c = -7 - -7. Suppose c*q = -4*q. Suppose q = -8*y + 4*y + 44. What is the units digit of y?
1
Let z be (-12)/8 + 213/(-2). Let r = -65 - z. What is the tens digit of r?
4
Suppose -5*l - 66 = -21. Let o(w) = w**2 + 8*w + 10. What is the units digit of o(l)?
9
Suppose -3*m + 4*m = 5. Let y = 13 - m. Suppose -20 = -y*g + 3*g. What is the units digit of g?
4
Let u(v) = 6*v - 3. Let b be 0*3/(-9) + 3. What is the units digit of u(b)?
5
Let v(l) = 13*l. What is the units digit of v(17)?
1
What is the hundreds digit of ((-2)/(-4))/((-3)/(-1470))?
2
Suppose 7*d = 2*d + 40. Let x = d - -7. What is the units digit of x?
5
Suppose 2*h = 6*h - 52. Let k(v) = v - 4. What is the units digit of k(h)?
9
Let q(r) = -r**2 + 7*r + 16. Let w(d) = 3*d**2 - 21*d - 47. Let n(a) = 8*q(a) + 3*w(a). What is the units digit of n(11)?
1
Let y(g) = -2*g + 5. Let m be y(5). Let w = m + 5. What is the units digit of 2 + (0 - w) - -7?
9
Let t(l) = -l + 0*l + 6*l - 3 + 2. Let i be t(1). What is the units digit of i/(-2) + (-12)/(-3)?
2
Suppose 6*x - 431 = 757. What is the units digit of x?
8
Let v(p) = -p**3 + 6*p**2 + p + 1. What is the units digit of v(6)?
7
Let n = 1 - 0. Suppose 9 = 5*g - n. Suppose 6 = 5*p - 5*i - 69, -g*p - 4*i = -12. What is the tens digit of p?
1
Let j = -7 + 22. Let c be (-4)/10 + 6/j. Suppose c = -3*r + 11 + 1. What is the units digit of r?
4
Suppose -3*c - n = -439, -3*n + 254 = 2*c - 34. What is the hundreds digit of c?
1
Let p(h) = 2*h**2 + 12*h + 7. What is the units digit of p(-8)?
9
Let i = 7 - 5. Let y = i + 8. What is the tens digit of y?
1
Let u = 3 + 173. What is the hundreds digit of u?
1
Suppose 3*w = -w - 100. What is the tens digit of -1 + -1 + 3 - w?
2
Suppose l + 92 = 5*c, -2*c - 2*l + 35 = 3. What is the units digit of c?
8
Let x = 542 + -312. What is the hundreds digit of x?
2
Let s(a) be the third derivative of -a**5/60 - 5*a**4/12 - 5*a**3/6 + 3*a**2. What is the units digit of s(-8)?
1
Suppose -4*g = -2*g - 4*d - 52, -5*d + 55 = 5*g. Suppose -4*a + 0 = g. Let c = a + 7. What is the units digit of c?
3
Let l be 6/2*(-2)/6. What is the units digit of 23 - (l - 0 - -4)?
0
Let a(c) = c**3 - 11*c**2 + 12*c - 23. What is the tens digit of a(11)?
0
Let q be 6/(0 - 2) + 2. Let j be -1 - 1 - (-1 - -1). What is the units digit of j*(2*-1 - q)?
2
Let u(a) = 17*a**2. What is the units digit of u(-2)?
8
Let b(u) be the first derivative of 2*u - 3/2*u**2 - 4 + 1/4*u**4 - 2/3*u**3. What is the units digit of b(3)?
2
Let d(o) = -o + 10. Let p(j) = -j + 15. Let b be p(11). Suppose -2*g - 4*q - 6 = 0, 2*q - b*q - 13 = -g. What is the units digit of d(g)?
5
Suppose -88 - 2 = -5*y. What is the tens digit of y?
1
Let d(x) = -x**3 + 7*x**2 - 5*x - 4. Let t be d(6). Let w = t + 0. Suppose -w*h + 8 = 2. What is the units digit of h?
3
Let b(s) = s**3 + 2*s**2 - s + 6. Let t be b(-3). Let g be 1 + -1 + -1 - 2. Let z = t - g. What is the units digit of z?
3
Let r(y) = -8*y**2 + y. Let h be r(5). Let n be h/(-21) + (-2)/7. Let i = 15 - n. What is the units digit of i?
6
Let k be (-5)/(-2) - (-1)/2. Suppose -k*t + 42 = 2*o - 13, 109 = 5*t - o. Let f = -10 + t. What is the units digit of f?
1
Let c be (-6)/(-21) - (-150)/14. Let z = c - 7. What is the units digit of z?
4
Let l = -22 + 6. Let v = l + 26. What is the units digit of v?
0
Suppose 5*o + 5*q - 10 = 0, -13 = -2*o + 3*q + 6. Let v(g) = -4 - g + o*g + 0. What is the units digit of v(3)?
8
Let b(m) = m - 2. Let w be b(6). Let h be (w - 1) + -2 - -1. What is the units digit of (-2 - (1 + -3)) + h?
2
Suppose -p - 3*h + 4*h + 20 = 0, 2*h = -3*p + 60. What is the tens digit of p?
2
Suppose -2*x = -6*x + 72. What is the units digit of x?
8
Let s(g) = -2*g + 9*g + 0*g**3 + g**3 - g + 8*g**2. Let y be s(-7). Suppose -2*n + 11 = -y. What is the units digit of n?
9
Let z(l) = l**2 - 7*l + 9. What is the tens digit of z(9)?
2
Let c(m) = 33*m**2 + 2*m - 1. Let p(r) = r**3 + 4*r**2 + 2*r - 2. Let k be p(-3). What is the tens digit of c(k)?
3
Let g = -178 - -312. What is the hundreds digit of g?
1
Suppose -l - o = -236, 0*l + l = 5*o + 248. What is the hundreds digit of l?
2
Let r(b) = 8*b**2 - b. Let o be 2/(-6) - 57/(-9). Let v = 7 - o. What is the units digit of r(v)?
7
Let j(z) = 2*z + 44. What is the units digit of j(-19)?
6
Suppose 0 = b - 4*u - 25 - 18, 3*u = 4*b - 120. Suppose 21 = 3*z - b. What is the tens digit of z?
1
Let m(u) = -43*u + 14. What is the hundreds digit of m(-3)?
1
Suppose 0 = -5*v + 3*k + 11, 2*v + 3*v + 5 = -5*k. Let a be (-1)/4 - (-58)/8. Let u = a + v. What is the units digit of u?
8
Let j(a) be the second derivative of a**4/3 + a**3/6 + a**2 - 4*a. What is the units digit of j(-2)?
6
What is the tens digit of (174/18)/(2/6)?
2
Let s be ((-6)/(-9))/(4*3/378). Let c(f) = -6*f + 3. Let d be c(3). Let o = d + s. What is the units digit of o?
6
Suppose -3*f - 3*k = -2*k - 28, -5*f + 56 = 4*k. Let y = -7 + f. What is the units digit of y?
1
Let q be 34/3 + 1/(-3). Let k = 5 + q. What is the tens digit of k?
1
Let k be (-4)/(-14) + (-16928)/56. What is the units digit of k/(-18) + (-8)/(-36)?
7
Let a be -1 - (-2 + (-21)/3). Let o(k) = -k**2 + 8*k + 5. What is the units digit of o(a)?
5
Let x(j) = -1 - 4 + 0 + 2*j. What is the units digit of x(3)?
1
Let a(w) = 44*w + 2. Let t be a(1). Let q = 92 - t. What is the tens digit of q?
4
Let o = 67 + -111. Let f = 80 + o. What is the units digit of f?
6
Let r be (6/9)/(4/42). Let x be (0 - -1)*-2 + r. Let k = 8 - x. What is the units digit of k?
3
Let r = -10 - -9. Let h be (8/(-3))/r*3. Let d = h + -2. What is the units digit of d?
6
Let v = -28 - -24. Let p(d) = -d**3 - 19. Let g be p(0). Let a = v - g. What is the units digit of a?
5
Suppose 30 = 5*j + p - 1136, 0 = 2*j - 5*p - 488. What is the hundreds digit of j?
2
Suppose -52 + 157 = 5*a. What is the tens digit of a?
2
Suppose 2*d - 90 = -0*d. What is the tens digit of d?
4
What is the units digit of 5/(-3)*(-120)/5?
0
Let l(c) = -46*c - 3. What is the hundreds digit of l(-4)?
1
Suppose 0 = 4*y - 4, 0 = -n + 2*y + 3*y - 13. Let j(x) = x**3 + 8*x**2 - 2*x + 3. What is the tens digit of j(n)?
1
Let i(z) = -3*z - 3. Let m be i(-2). Suppose 0 = m*r - 4*r + 35. What is the units digit of r?
5
Suppose -2 = -4*f + 18. What is the units digit of f?
5
Let o be 1*(-2)/8*0. Suppose 6*a - 58 - 254 = o. What is the units digit of a?
2
Suppose -158 = -3*j + 187. What is the hundreds digit of j?
1
What is the units digit of 68/10 - 8/(-40)?
7
Let b(c) be the second derivative of c**4/12 + c**3/6 + 41*c**2/2 - 4*c. What is the tens digit of b(0)?
4
Let g = -20 - -14. Let w = 10 + g. What is the units digit of w?
4
Let q = -193 + 293. What is the hundreds digit of q?
1
Suppose 96 = w + 3*o + 9, 2*o - 461 = -5*w. What is the tens digit of w?
9
Let b(m) = -m + 14. Let v(h) = -1 - 1 + 8 + h + 5. Let u be v(-11). What is the units digit of b(u)?
4
Let c(t) = 2*t**2 + 15*t - 18. What is the units digit of c(-12)?
0
Let v be (-3)/12 - (-42)/8. Suppose 4*u = -2*t + 106, -3*u + 14 = v*t - 48. What is the tens digit of u?
2
Let i(p) = -p**3 + 6*p**2 - 5*p + 6. Let n be ((-6)/5)/((-8)/20). What is the tens digit of i(n)?
1
Let x be 15/(2 - -1) + -2. Suppose -x = 3*c - 0. What is the tens digit of 30/2 - (c + 2)?
1
Suppose -5*i + 4*i = 22. Let s = 14 + i. What is the units digit of (-58)/s + 5/(-20)?
7
Let x = 4 - -16. What is the tens digit of x?
2
Suppose -78 = 2*z - 4*z. What is the units digit of z?
9
Let v = -41 + 79. What is the units digit of v?
8
Let i be (-10)/25*(3 - -2). What is the units digit of (-6)/18*138/i?
3
Let z(x) = x + 8. Let h be z(-6). Let p(f) = -12*f - 1. Let d(w) = -w. Let o(t) = 4*d(t) - p(t). What is the units digit of o(h)?
7
Let l = 79 + -29. What is the units digit of l?
0
Suppose 3*r = 5*s + 4 - 66, 3*s = 4*r + 46. Let m = s + -7. Suppose m*v - 20 = -2*l, 5*l + 4*v = -0*l + 43. What is the units digit of l?
7
What is the tens digit of ((-516)/18 + -1)*-3?
8
Suppose 56 = -3*z + 5*z. Let o = z + -13. What is the tens digit of o?
1
Let y = 38 - 22. What is the units digit of y?
6
What is the units digit of 6 - (-3 + (4 - 3))?
8
Suppose -70 = -8*v + 6*v. What is the tens digit of v?
3
Let z(p) = p - 7. Let r be z(6). Let f = 1 - r. Suppose -a + 6 = -